?
True
Is 231461 prime?
True
Is 24243 composite?
True
Is 157819 a prime number?
False
Is 993 prime?
False
Is 1142909 a prime number?
True
Is 3683 prime?
False
Is 5923 prime?
True
Is 142951 a composite number?
True
Is 183629 composite?
True
Is 77241 a composite number?
True
Is 23 composite?
False
Is 629494 a prime number?
False
Is 1507 composite?
True
Is 697579 a composite number?
False
Is 5919 prime?
False
Is 381783 prime?
False
Is 178253 a prime number?
False
Is 203537 a prime number?
False
Is 918877 prime?
True
Is 1477 a prime number?
False
Is 21993 prime?
False
Is 204341 a prime number?
False
Is 8779 a prime number?
True
Is 5941 composite?
True
Is 1657407 a prime number?
False
Is 2857 prime?
True
Is 198377 composite?
False
Is 12419 a prime number?
False
Is 11549 a prime number?
True
Is 680857 composite?
False
Is 4829 prime?
False
Is 1283 a prime number?
True
Is 549269 a composite number?
True
Is 61261 a prime number?
True
Is 3833 a composite number?
False
Is 30713 composite?
False
Is 419773 a prime number?
False
Is 497 composite?
True
Is 2983 a composite number?
True
Is 45839 prime?
False
Is 59507 a prime number?
False
Is 7123 a prime number?
False
Is 410335 prime?
False
Is 173785 a prime number?
False
Is 211129 a prime number?
True
Is 484691 composite?
False
Is 889 a prime number?
False
Is 12787 a composite number?
True
Is 676501 a prime number?
False
Is 8483 a composite number?
True
Is 1197913 composite?
True
Is 7509 a prime number?
False
Is 56843 prime?
True
Is 11422 a prime number?
False
Is 35 a prime number?
False
Is 10343 prime?
True
Is 213247 composite?
False
Is 558677 a composite number?
True
Is 1092089 a composite number?
False
Is 16427 a composite number?
False
Is 31121 prime?
True
Is 91753 a prime number?
True
Is 57745 composite?
True
Is 754241 a composite number?
False
Is 140677 a prime number?
True
Is 22439 a prime number?
False
Is 32847 prime?
False
Is 5897 composite?
False
Is 1693 prime?
True
Is 14185 a prime number?
False
Is 62077 a prime number?
False
Is 24613 a prime number?
False
Is 55577 a prime number?
False
Is 11967 a composite number?
True
Is 8549 a prime number?
False
Is 5623 a prime number?
True
Is 11057 a prime number?
True
Is 19387 prime?
True
Is 8353 prime?
True
Is 145019 prime?
False
Is 308989 a composite number?
False
Is 2837 a composite number?
False
Is 102947 a composite number?
True
Is 49273 a prime number?
False
Is 172673 composite?
False
Is 6197 composite?
False
Is 64951 composite?
False
Is 578971 prime?
True
Is 42323 prime?
True
Is 38693 a prime number?
True
Is 50642 composite?
True
Is 270679 prime?
True
Is 4197 prime?
False
Is 255071 a composite number?
False
Is 48547 composite?
True
Is 1623 composite?
True
Is 141 prime?
False
Is 4871 a composite number?
False
Is 60341 prime?
False
Is 127833 prime?
False
Is 4971 composite?
True
Is 14767 a prime number?
True
Is 305 a composite number?
True
Is 26665 composite?
True
Is 22045 a composite number?
True
Is 2467241 a composite number?
True
Is 3152703 a composite number?
True
Is 14969 a composite number?
False
Is 1195253 composite?
True
Is 8923 a composite number?
False
Is 449 a prime number?
True
Is 55101 a prime number?
False
Is 1538 composite?
True
Is 18971 a composite number?
True
Is 1987 composite?
False
Is 205043 composite?
False
Is 27598 prime?
False
Is 1775965 composite?
True
Is 67 a composite number?
False
Is 465043 a prime number?
False
Is 5998 a composite number?
True
Is 51703 composite?
True
Is 12817 a prime number?
False
Is 6739 composite?
True
Is 9593 prime?
False
Is 2333 a composite number?
False
Is 12077 a composite number?
True
Is 7001 prime?
True
Is 6047 composite?
False
Is 374149 a prime number?
True
Is 55457 composite?
False
Is 479 a composite number?
False
Is 40081 a prime number?
False
Is 12531 prime?
False
Is 8249435 prime?
False
Is 1204309 a prime number?
True
Is 2099 composite?
False
Is 965749 a prime number?
True
Is 40873 composite?
True
Is 18287 a prime number?
True
Is 149519 composite?
False
Is 289709 prime?
False
Is 330881 composite?
True
Is 1657 a prime number?
True
Is 19661 a composite number?
False
Is 38509 a prime number?
False
Is 629 prime?
False
Is 631 prime?
True
Is 4541 a prime number?
False
Is 252089 a composite number?
True
Is 517069 prime?
False
Is 879371 a composite number?
False
Is 5089 prime?
False
Is 83491 composite?
True
Is 59591 composite?
True
Is 1054049 composite?
False
Is 5755 composite?
True
Is 18053 composite?
True
Is 7717 a composite number?
False
Is 4781129 prime?
True
Is 512443 prime?
True
Is 115189 a prime number?
False
Is 196694 composite?
True
Is 29157 prime?
False
Is 33083 composite?
False
Is 64451 prime?
True
Is 75839 composite?
True
Is 6821 prime?
False
Is 4783 a composite number?
False
Is 1165747 a prime number?
False
Is 2429787 a composite number?
True
Is 38903 a composite number?
False
Is 841039 a composite number?
True
Is 518899 a composite number?
True
Is 6599 prime?
True
Is 333961 a composite number?
True
Is 11113 a prime number?
True
Is 23369 a prime number?
True
Is 2772969 a prime number?
False
Is 598011 a prime number?
False
Is 91631 a prime number?
True
Is 737797 a composite number?
False
Is 354719 prime?
False
Is 58663 prime?
False
Is 329711 a composite number?
False
Is 4733 composite?
False
Is 4783 a prime number?
True
Is 8053 a composite number?
False
Is 4121 composite?
True
Is 1907831 composite?
True
Is 55018 prime?
False
Is 36137 a composite number?
False
Is 995639 a prime number?
False
Is 198035 prime?
False
Is 1711 a prime number?
False
Is 93 a prime number?
False
Is 116177 composite?
False
Is 1323431 a prime number?
True
Is 1538 a composite number?
True
Is 272419 composite?
True
Is 127529 prime?
True
Is 381 composite?
True
Is 24887 composite?
True
Is 12539 a prime number?
True
Is 69535 a composite number?
True
Is 381817 composite?
False
Is 13061 a prime number?
False
Is 12955 prime?
False
Is 30791 composite?
True
Is 5737 prime?
True
Is 57503 a prime number?
True
Is 63949 composite?
False
Is 3935 a prime number?
False
Is 21629 a composite number?
True
Is 85369 prime?
True
Is 68501 composite?
False
Is 2096279 a prime number?
False
Is 20537 a prime number?
False
Is 488197 prime?
True
Is 33703 a prime number?
True
Is 40873 composite?
True
Is 1125067 a composite number?
True
Is 970111 prime?
True
Is 12143 a composite number?
False
Is 363471 composite?
True
Is 79571 a prime number?
False
Is 9767 prime?
True
Is 3557 composite?
False
Is 7807 prime?
False
Is 23513 prime?
False
Is 737003 a prime number?
False
Is 281867 prime?
True
Is 1388443 composite?
True
Is 46405 a composite number?
True
Is 32111 a composite number?
True
Is 6683 a prime number?
False
Is 97813 prime?
True
Is 6073 composite?
False
Is 269065 a composite number?
True
Is 14089 composite?
True
Is 190507 composite?
False
Is 569237 a composite number?
False
Is 7897 composite?
True
Is 1679063 prime?
False
Is 2787 a prime number?
False
Is 1519843 a composite number?
True
Is 14173 composite?
False
Is 215797 a prime number?
True
Is 9811 composite?
False
Is 20422 prime?
False
Is 27971 a prime number?
False
Is 1361 a composite number?
False
Is 5273 prime?
True
Is 23149 a composite number?
True
Is 102386 prime?
False
Is 17623 a composite number?
False
Is 133559 a prime number?
True
Is 16847 prime?
False
Is 64133 a prime number?
False
Is 39167 a prime number?
False
Is 30671 a prime number?
True
Is 276869 a prime number?
True
Is 377963 a composite number?
False
Is 590635 prime?
False
Is 12323 a composite number?
False
Is 163 a prime number?
True
Is 81409 a composite number?
False
Is 26461 a prime number?
False
Is 9249 prime?
False
Is 23393 a prime number?
False
Is 168391 prime?
True
Is 313669 a prime number?
True
Is 160501 prime?
False
Is 952477 composite?
True
Is 7411 a composite number?
False
Is 191647 a composite number?
True
Is 16519 a composite number?
False
Is 274745 prime?
False
Is 95651 composite?
False
Is 5737 a prime number?
True
Is 170587 composite?
True
Is 15421 a composite number?
True
Is 283513 a prime number?
False
Is 491 a prime number?
True
Is 4427587 composite?
False
Is 48403 a composite number?
True
Is 242227 a composite number?
False
Is 12473 a prime number?
True
Is 1081606 composite?
True
Is 136943 prime?
True
Is 5084